t common factor of 497 and 170968.
497
What is the highest common divisor of 393 and 6943?
131
Calculate the highest common divisor of 181 and 240187.
181
Calculate the highest common divisor of 272 and 3536.
272
Calculate the greatest common divisor of 7798 and 3633.
7
Calculate the highest common factor of 458188 and 8.
4
What is the highest common divisor of 1218 and 5162?
58
What is the highest common divisor of 5780 and 27540?
340
Calculate the highest common factor of 2170 and 554590.
310
Calculate the greatest common factor of 1683 and 20988.
99
What is the greatest common factor of 1710 and 4655?
95
Calculate the highest common divisor of 92 and 337387.
23
What is the highest common factor of 154 and 17831?
11
What is the highest common factor of 100900 and 20?
20
What is the greatest common divisor of 90 and 304860?
30
Calculate the highest common divisor of 161798 and 196.
98
What is the greatest common factor of 114426 and 5379?
489
Calculate the highest common factor of 359782 and 826.
118
Calculate the highest common divisor of 153 and 29016.
9
What is the highest common factor of 212080 and 330?
110
What is the greatest common factor of 55878 and 12?
6
What is the greatest common divisor of 175 and 42?
7
What is the highest common divisor of 2272 and 1600?
32
Calculate the highest common divisor of 253545 and 90.
15
What is the highest common divisor of 77 and 14?
7
What is the greatest common divisor of 194645 and 275?
55
Calculate the greatest common divisor of 754657 and 3227.
461
What is the highest common divisor of 17297 and 343?
49
What is the highest common divisor of 1340 and 6399170?
670
Calculate the greatest common divisor of 14 and 761278.
14
Calculate the highest common divisor of 24555 and 1155.
15
What is the greatest common factor of 28942776 and 684?
684
What is the highest common factor of 138 and 22126?
46
Calculate the highest common divisor of 1768 and 86008.
104
What is the greatest common divisor of 9 and 6420681?
9
Calculate the highest common divisor of 904 and 58195.
113
Calculate the highest common factor of 1750 and 400.
50
What is the greatest common factor of 875 and 9590?
35
What is the highest common divisor of 176 and 108020?
44
What is the highest common divisor of 1183585 and 260?
65
What is the highest common divisor of 145431 and 286?
143
Calculate the greatest common factor of 1504974 and 6.
6
What is the greatest common divisor of 652325 and 7263?
269
What is the greatest common factor of 16752 and 120?
24
Calculate the greatest common factor of 11668 and 16.
4
Calculate the greatest common factor of 662284 and 1666.
98
What is the highest common factor of 84 and 6144?
12
What is the greatest common divisor of 841 and 101761?
841
Calculate the greatest common factor of 137 and 7397041.
137
Calculate the highest common factor of 156 and 20072.
52
Calculate the highest common factor of 46166 and 943.
41
Calculate the highest common divisor of 516 and 5345115.
129
What is the highest common divisor of 331995 and 285?
15
Calculate the highest common divisor of 8464 and 512.
16
What is the highest common factor of 1159196 and 34?
34
What is the highest common divisor of 2658 and 1572?
6
What is the greatest common divisor of 651 and 8649?
93
What is the greatest common divisor of 8 and 1714?
2
Calculate the greatest common divisor of 138951 and 117.
9
Calculate the greatest common factor of 1608 and 57486.
402
Calculate the greatest common factor of 1024 and 1267456.
256
What is the highest common factor of 2686 and 172062?
158
What is the greatest common divisor of 56 and 146912?
8
Calculate the highest common divisor of 4154 and 67.
67
What is the greatest common divisor of 1387503 and 469?
67
What is the highest common factor of 11609 and 741?
247
Calculate the highest common divisor of 5 and 6500045.
5
Calculate the greatest common factor of 23705 and 495.
55
What is the greatest common factor of 9447 and 1072?
67
Calculate the greatest common factor of 6050 and 175.
25
Calculate the highest common divisor of 6319 and 5429.
89
Calculate the highest common factor of 762 and 132334.
254
What is the highest common divisor of 1080 and 76410?
270
Calculate the highest common divisor of 95232 and 930.
186
What is the highest common factor of 20 and 101740?
20
Calculate the highest common divisor of 88102 and 13237.
217
What is the greatest common divisor of 1956 and 36?
12
What is the greatest common divisor of 120 and 191535?
15
Calculate the highest common factor of 1152 and 7272.
72
Calculate the highest common factor of 36800 and 23200.
800
What is the greatest common factor of 6 and 7922?
2
Calculate the highest common divisor of 110004 and 25132.
412
Calculate the highest common divisor of 7999296 and 1464.
1464
Calculate the greatest common divisor of 81873 and 6.
3
What is the greatest common divisor of 9918 and 1710?
342
Calculate the greatest common factor of 24491 and 323.
19
Calculate the greatest common divisor of 7303 and 1072.
67
Calculate the highest common factor of 4722 and 942.
6
Calculate the greatest common divisor of 4968 and 15318.
414
Calculate the highest common divisor of 41703 and 198.
3
What is the highest common factor of 40187 and 679?
7
Calculate the highest common divisor of 12865680 and 835.
835
Calculate the greatest common divisor of 300 and 3794100.
300
Calculate the highest common divisor of 9477 and 234.
117
What is the highest common divisor of 572 and 24167?
143
What is the greatest common factor of 7165 and 45?
5
What is the highest common factor of 353834 and 248?
62
Calculate the greatest common factor of 13536 and 2336.
32
Calculate the greatest common divisor of 38773 and 1624.
203
Calculate the greatest common divisor of 8 and 30339416.
8
Calculate the greatest common factor of 5 and 47570.
5
What is the greatest common divisor of 13222 and 550?
22
Calculate the greatest common divisor of 11 and 2794209.
11
Calculate the greatest common divisor of 100 and 32975.
25
What is the highest common factor of 6652 and 1032?
4
Calculate the greatest common factor of 1159 and 37639.
19
Calculate the greatest common factor of 650 and 25285.
65
What is the highest common divisor of 127829 and 13?
13
What is the highest common factor of 165698 and 26?
26
Calculate the highest common factor of 2904 and 46101.
363
What is the highest common factor of 165 and 37191?
33
What is the greatest common divisor of 19335 and 15?
15
What is the highest common factor of 582950 and 1834?
262
What is the greatest common divisor of 9175104 and 36?
36
Calculate the highest common divisor of 1028 and 1310957.
257
What is the greatest common divisor of 283428 and 36?
36
What is the highest common factor of 540 and 82674?
54
What is the highest common divisor of 92 and 1178?
2
What is the greatest common divisor of 132001 and 2?
1
Calculate the greatest common divisor of 84905 and 10.
5
Calculate the highest common factor of 2107 and 9847.
43
Calculate the highest common factor of 28 and 6433.
7
What is the highest common divisor of 11350472 and 314?
314
Calculate the highest common divisor of 90 and 23805.
45
Calculate the greatest common factor of 92 and 158412.
4
What is the greatest common divisor of 347279 and 269?
269
What is the greatest common divisor of 638014 and 104?
26
Calculate the highest common factor of 1334 and 33785.
29
What is the greatest common divisor of 150 and 272950?
50
What is the highest common divisor of 25697 and 7?
7
Calculate the highest common divisor of 1451 and 3245887.
1451
What is the highest common divisor of 942 and 463935?
471
Calculate the highest common divisor of 50 and 178850.
50
Calculate the highest common divisor of 17044 and 4.
4
Calculate the greatest common factor of 47177 and 13585.
247
What is the highest common divisor of 5230 and 217568?
1046
What is the highest common factor of 1292 and 88901?
19
Calculate the greatest common factor of 4634 and 2722475.
2317
Calculate the greatest common divisor of 1201 and 5591856.
1201
Calculate the greatest common divisor of 36999 and 279.
9
What is the greatest common factor of 230166 and 342?
342
Calculate the greatest common divisor of 12924 and 6012.
36
Calculate the greatest common div